e
Is 649829 prime?
True
Is 302831 a composite number?
False
Is 40731 prime?
False
Is 2149 a prime number?
False
Is 76917 composite?
True
Is 465659 a prime number?
True
Is 38405 composite?
True
Is 7069 a composite number?
False
Is 170087 prime?
False
Is 193283 prime?
True
Is 15629 prime?
True
Is 5623 composite?
False
Is 2285 prime?
False
Is 8191 a composite number?
False
Is 10937 a prime number?
True
Is 379883 prime?
False
Is 14779 prime?
True
Is 2018987 a composite number?
False
Is 39323 composite?
False
Is 6893 a prime number?
False
Is 2161 a prime number?
True
Is 46213 a prime number?
False
Is 1817 prime?
False
Is 38495 prime?
False
Is 323641 prime?
True
Is 18965 composite?
True
Is 97 prime?
True
Is 39541 a composite number?
False
Is 603197 a composite number?
True
Is 331183 prime?
True
Is 180211 a prime number?
True
Is 1657 a prime number?
True
Is 35417 a composite number?
True
Is 11113 composite?
False
Is 87977 a composite number?
False
Is 60541 a composite number?
True
Is 199 a composite number?
False
Is 5469 a prime number?
False
Is 2557 a prime number?
True
Is 34499 a prime number?
True
Is 285869 prime?
False
Is 511 a prime number?
False
Is 7997 prime?
False
Is 33149 a prime number?
True
Is 153407 a prime number?
True
Is 279779 a prime number?
True
Is 45307 prime?
True
Is 1561 a composite number?
True
Is 35417 composite?
True
Is 3235 a prime number?
False
Is 15089 prime?
False
Is 1626829 prime?
True
Is 142939 composite?
False
Is 14311 prime?
False
Is 12706 a composite number?
True
Is 1903 a composite number?
True
Is 6889 a composite number?
True
Is 545485 prime?
False
Is 50011 a composite number?
True
Is 41893 composite?
False
Is 121663 a prime number?
False
Is 64669 prime?
False
Is 21787 prime?
True
Is 1240595 prime?
False
Is 56237 composite?
False
Is 15031 a prime number?
True
Is 691 composite?
False
Is 294919 a composite number?
False
Is 15567 a prime number?
False
Is 191531 a composite number?
False
Is 29623 a prime number?
False
Is 21662 a prime number?
False
Is 19529 composite?
True
Is 296767 a prime number?
True
Is 1709131 prime?
True
Is 43919 composite?
True
Is 11629 a composite number?
True
Is 103769 prime?
True
Is 124861 a prime number?
False
Is 195751 prime?
True
Is 362941 a composite number?
False
Is 56921 a composite number?
False
Is 114143 prime?
True
Is 1911199 a prime number?
True
Is 27143 a composite number?
False
Is 673 prime?
True
Is 29641 a prime number?
True
Is 169151 composite?
False
Is 209849 a prime number?
False
Is 41381 prime?
True
Is 2035871 composite?
True
Is 188263 a prime number?
False
Is 208751 a prime number?
False
Is 74483 a composite number?
True
Is 3097 composite?
True
Is 927961 a composite number?
False
Is 43049 a prime number?
True
Is 839029 a composite number?
False
Is 214651 composite?
False
Is 130661 composite?
True
Is 4009 a composite number?
True
Is 10729 prime?
True
Is 233839 prime?
False
Is 54493 composite?
False
Is 17455 composite?
True
Is 28271 a prime number?
False
Is 58831 composite?
False
Is 2609 a prime number?
True
Is 4201 prime?
True
Is 33323 a composite number?
True
Is 7571 a composite number?
True
Is 1033481 a composite number?
True
Is 68963 a composite number?
False
Is 6863 a composite number?
False
Is 265 a prime number?
False
Is 44911 a prime number?
False
Is 817 a prime number?
False
Is 335 prime?
False
Is 8923 a prime number?
True
Is 83017 a prime number?
False
Is 9299 a composite number?
True
Is 45523 composite?
False
Is 451501 a prime number?
False
Is 4327 composite?
False
Is 22441 composite?
False
Is 1243 a prime number?
False
Is 52597 composite?
True
Is 490298 prime?
False
Is 377761 prime?
True
Is 159085 a prime number?
False
Is 173251 prime?
False
Is 171565 composite?
True
Is 87991 prime?
True
Is 455397 prime?
False
Is 12283 a prime number?
False
Is 36061 prime?
True
Is 56137 composite?
True
Is 24671 composite?
False
Is 170627 prime?
True
Is 233153 composite?
True
Is 8473 a composite number?
True
Is 54781 composite?
True
Is 131143 a composite number?
False
Is 32341 a composite number?
False
Is 61561 prime?
True
Is 12197 a prime number?
True
Is 225791 prime?
False
Is 37847 a composite number?
False
Is 175673 a prime number?
True
Is 9115 a composite number?
True
Is 343481 a prime number?
True
Is 779151 a composite number?
True
Is 193957 a prime number?
True
Is 9806291 a prime number?
False
Is 2442981 composite?
True
Is 1099051 a composite number?
False
Is 83519 a prime number?
False
Is 531931 composite?
True
Is 229093 a prime number?
True
Is 28979 a prime number?
True
Is 24953 prime?
True
Is 5981 a composite number?
False
Is 23447 prime?
True
Is 915191 a prime number?
True
Is 130579 composite?
False
Is 147661 a composite number?
False
Is 636047 composite?
True
Is 47911 a composite number?
False
Is 5723 a prime number?
False
Is 12539 a composite number?
False
Is 318421 composite?
True
Is 13499 a prime number?
True
Is 27581 a prime number?
True
Is 200939 composite?
True
Is 97213 composite?
False
Is 93887 composite?
False
Is 1109 composite?
False
Is 22229 a prime number?
True
Is 15161 composite?
False
Is 39439 prime?
True
Is 10481 a composite number?
True
Is 2716849 prime?
True
Is 18787 a composite number?
False
Is 521 a composite number?
False
Is 116519 prime?
False
Is 912391 a prime number?
True
Is 558083 a composite number?
False
Is 13217 a composite number?
False
Is 46589 a prime number?
True
Is 1819 a composite number?
True
Is 9733 a prime number?
True
Is 36131 prime?
True
Is 906437 prime?
False
Is 44633 composite?
False
Is 7009 prime?
False
Is 376781 prime?
False
Is 1465883 a prime number?
False
Is 165329 composite?
True
Is 18607 composite?
True
Is 44553 prime?
False
Is 26735 a composite number?
True
Is 10583 a composite number?
True
Is 196201 composite?
False
Is 1828571 prime?
False
Is 33437 a prime number?
False
Is 35879 a composite number?
False
Is 59091 composite?
True
Is 81667 a composite number?
False
Is 1748291 prime?
True
Is 24649 a composite number?
True
Is 2135471 composite?
True
Is 14401 composite?
False
Is 114409 composite?
True
Is 741283 a composite number?
False
Is 7789 a prime number?
True
Is 17783 a prime number?
True
Is 28829 a prime number?
False
Is 11027 composite?
False
Is 102013 prime?
True
Is 1576193 prime?
False
Is 7955897 composite?
False
Is 81493 composite?
True
Is 9743 a composite number?
False
Is 51749 composite?
False
Is 17317 a composite number?
False
Is 79931 composite?
True
Is 131041 a prime number?
True
Is 1329353 a composite number?
False
Is 12373 prime?
True
Is 113311 a composite number?
True
Is 21961 a composite number?
False
Is 34691 a prime number?
False
Is 276613 prime?
False
Is 269291 prime?
False
Is 33841 prime?
False
Is 26849 a composite number?
False
Is 10033 prime?
False
Is 331871 composite?
False
Is 4465957 a composite number?
False
Is 273551 a prime number?
True
Is 189841 a prime number?
False
Is 17401 composite?
False
Is 85691 composite?
False
Is 16657 composite?
False
Is 37039 a prime number?
True
Is 16727 a composite number?
True
Is 48053 composite?
True
Is 724799 composite?
True
Is 12319 composite?
True
Is 26489 a composite number?
False
Is 533347 prime?
False
Is 958 composite?
True
Is 1829 a composite number?
True
Is 2820089 a composite number?
False
Is 1054499 a prime number?
False
Is 222001 a prime number?
False
Is 5627 prime?
False
Is 50761 composite?
True
Is 328178 composite?
True
Is 10007 a prime number?
True
Is 5323 a prime number?
True
Is 543637 a composite number?
False
Is 248343 composite?
True
Is 21891 a prime number?
False
Is 1214947 a prime number?
True
Is 12219 prime?
False
Is 3279823 a prime number?
False
Is 590537 prime?
True
Is 16757 prime?
False
Is 30729 composite?
True
Is 12793 a composite number?
True
Is 11149 a prime number?
True
Is 4121503 composite?
False
Is 991673 composite?
True
Is 15659 prime?
False
Is 10418 prime?
False
Is 847427 composite?
True
Is 23389 a prime number?
False
Is 12077 a prime number?
False
Is 8147 composite?
False
Is 977527 prime?
False
Is 25318 a prime number?
False
Is 5219 composite?
True
Is 6767 a prime number?
False
Is 197473 composite?
True
Is 621001 a prime number?
False
Is 13343 composite?
True
Is 265 prime?
False
Is 9953 composite?
True
Is 58567 composite?
False
Is 308